git of t(-7)?
8
Suppose -3*b - s + 22 = 0, -5*s - 28 = -5*b + 42. Let y be b/(-3) - 1*(-205 - -4). Suppose 3*k + 2*i = y, -2*i + 263 = 4*k + i. What is the units digit of k?
8
Suppose 3*s = -100*s + 1112915. What is the hundreds digit of s?
8
Let k(v) = -v**3 - 8*v**2 + 7*v + 5. Let x be k(-9). Let w = 23 - x. Suppose w = 6*j - 7*j + 57. What is the units digit of j?
7
Suppose 12043 + 8782 = 35*s. Suppose 0 = y - s + 228. What is the tens digit of y?
6
Suppose 163555 + 100472 = 32*k - 92101. What is the ten thousands digit of k?
1
Suppose -5*v - 1844 = -2*u - 673, 2*v + 2350 = 4*u. What is the units digit of u?
8
Let u(s) = 4*s - 6. Let f be u(5). Suppose 1460 = f*v - 4*v. What is the hundreds digit of v?
1
Suppose -26 = 9*g - 44. What is the tens digit of (g + 1)*(-326)/(-6)?
6
Let b(w) = -w**2 - 327*w - 32. What is the tens digit of b(-35)?
8
Let x = 4468 - 3623. What is the hundreds digit of x?
8
Let u(g) = 218*g - 19. Let p be u(4). Let k = p - 407. What is the units digit of k?
6
Let l(q) = 8968*q**2 - 108*q - 2. What is the thousands digit of l(-1)?
9
Let x = -33273 - -62381. What is the thousands digit of x?
9
Suppose -490*k + 484*k + 1104 = 0. Suppose -4*u + 190 = -5*y, -4*u + y + y = -k. What is the units digit of u?
5
Let i(u) = -114*u**2 + 2 + 127*u**2 - 9 + 59*u**3 - 20*u. What is the tens digit of i(3)?
4
Let a = -44 - -45. What is the units digit of ((-228)/(-171))/(((-4)/(-1038))/a)?
6
Let h be (-8)/(-68) + 269695/85 - 1. Suppose 8*k = -52 + h. What is the tens digit of k?
9
Let s(o) = 913*o**2 - 28*o - 66. What is the tens digit of s(-2)?
4
Let o(m) = -1346*m + 481. What is the thousands digit of o(-7)?
9
Let h(z) = 18*z**2 - 23*z + 20. Suppose -2*q + 4*a - 22 = 0, -1 - 5 = -2*a. What is the hundreds digit of h(q)?
5
Suppose 35*l - 95303 = 88318 + 19974. What is the thousands digit of l?
5
Let q = 107 + -30. Suppose q*v + 1914 = 83*v. What is the tens digit of v?
1
Let f(v) = -12*v + 380. Let c be f(0). Let o = c + -246. What is the tens digit of o*(-7)/((-35)/10)?
6
Let b = 2099 + 2070. What is the hundreds digit of b?
1
Let u(m) = 3*m**3 + 15*m**2 + 20*m + 6. Let c(q) = 4*q**3 + 15*q**2 + 20*q + 7. Let h(v) = -4*c(v) + 5*u(v). What is the units digit of h(13)?
0
Let v = 26 + -22. Let r be (-8)/(-4) - (8 - v). What is the units digit of (-13 - -15)*(-61)/r?
1
Let y(c) = 140*c**2 + 4*c - 4. Let x be y(1). What is the hundreds digit of (-25)/(-10)*((2 - -2) + x)?
3
Let t = -10939 + 18336. What is the tens digit of t?
9
Suppose 6*y - 4*y = 0. Let m be 1/(-1 - 0) - y. What is the units digit of (m - 1)/((-22)/671)?
1
Let i = 40813 - 11575. What is the thousands digit of i?
9
Let q(r) = -140*r + 1028. What is the tens digit of q(-62)?
0
Suppose 419 - 1123 = -11*s. What is the tens digit of (s - 0)/((-3)/(-15))?
2
Suppose 5*o - 59*d + 54*d = 17945, -4*d = 5*o - 17945. What is the thousands digit of o?
3
Suppose y + 20645 = 5*u, -4*u = -5*y + 8*y - 16535. What is the thousands digit of u?
4
Let d = 295 - 140. Suppose 13*q = 326 + d. What is the tens digit of q?
3
Let t(r) = 7*r + 1. Let l be t(-10). Let d = 84 + l. Let s = 33 - d. What is the units digit of s?
8
Let p(j) = 80*j**2 - 73*j - 708. What is the hundreds digit of p(-23)?
2
Let c(k) = -4*k - 31. Let w be (-148)/18 + -1 - 42/(-189). Let t be c(w). Suppose -2*r + 693 = t*r. What is the units digit of r?
9
Let a = -611 - -561. Let n = 385 - a. What is the hundreds digit of n?
4
Let y(p) = -p**3 - 14*p**2 - 19*p - 20. Let s be y(-14). Let f = s - 114. Suppose -b = -2*l - f, 4*b = -2*l - 3*l + 554. What is the units digit of b?
6
Let v = 11112 + -7232. What is the thousands digit of v?
3
Let c = 127 - 133. Let v(j) = 4*j**2 + 24*j. Let k be v(c). Suppose -9*m + 5*m + 784 = k. What is the units digit of m?
6
Suppose 12 = 3*q + 3. Let h(y) = -y**2 - 18*y - 51. Let p be h(-4). Suppose 91 = 4*i + q*k - 0*k, 5*k = -p*i + 120. What is the units digit of i?
9
Let o be (69/184)/((-2)/(-16)). Suppose 3*h = o, 5*c - 2418 = -2*h - h. What is the tens digit of c?
8
Suppose -5*a = -69 - 51. Let f = a - -10. Let z = -25 + f. What is the units digit of z?
9
Suppose p + 9 + 0 = 0. Let r be ((-105)/p)/((-1)/(-3)). Let m = -25 + r. What is the units digit of m?
0
Let j = 209 - 754. Let g = j + 1438. What is the tens digit of g?
9
Let k = 447 + -477. What is the hundreds digit of (-35829)/(-90) - (-3)/k?
3
Let h = -5 - -7. Suppose 3*r = 4*a + 22, 24*a + 16 = -2*r + 19*a. Suppose 0 = -4*x + 2*p + 532, h*x - 3*p - 282 = r*p. What is the tens digit of x?
3
Let m(d) = d**3 - 8*d**2 + d - 8. Suppose 4*v = 3*w - 5*w, w = -v + 4. Let r be m(w). Suppose -3*b - 3*b + 1074 = r. What is the tens digit of b?
7
Let x = -43 - -46. Suppose x*q - 33 = -g, 2*q = 4*g + q - 171. Suppose -g*o = -38*o - 580. What is the units digit of o?
5
Let p = 4575 - 3243. Suppose 3*h = 21*h - p. What is the tens digit of h?
7
Let m(o) = -25*o + 17. Let u(y) = -y - 3. Let v(b) = m(b) - 4*u(b). Let i(t) = -t + 10. Let l be i(14). What is the units digit of v(l)?
3
Let q be (4/(-10))/(140/25 - 6). Let c be (q/2)/((-7)/14). What is the tens digit of 4 + c + -4 + 98?
9
What is the ten thousands digit of (-15)/(-480)*-4 - (-918171)/24?
3
What is the units digit of ((-1000)/420)/25 - (-576958)/42?
7
Let z = -806 - -807. Let n(i) = -i + 1 - 7 + 4 + 105*i**2 + 4. What is the units digit of n(z)?
6
Let d(q) = 2*q**3 + 3*q**2 - 7*q - 1. Let o be d(-4). Let p = -72 - o. Let h(z) = -4*z - 29. What is the units digit of h(p)?
7
Let l be -4*((-45)/55 - (-2)/(-11)). Suppose -l*n - 421 = -y, 2*n + 0*n - 10 = 0. What is the tens digit of (-2 - 12/(-9))/((-6)/y)?
4
Suppose -3*d - f = -20376, -5*d = -5*f + 2*f - 33946. What is the hundreds digit of d?
7
Let k = -8623 - -12232. What is the thousands digit of k?
3
Let c(d) = -11*d**2 - 18 + 16*d**2 + 2*d - 10*d. What is the units digit of c(6)?
4
Suppose 396*a - 15*a - 1978986 = 1143690. What is the hundreds digit of a?
1
Let i be 87 + (-7)/((-7)/4). Let f = 93 - i. Suppose k + 301 = 5*b, -f*b = 3*b + 4*k - 321. What is the units digit of b?
1
Suppose 0*j = 2*j - 16. Suppose 1926 = 3*o - 5*h, -5*o + 86 + 3124 = -4*h. Suppose -o = -j*t + 22. What is the units digit of t?
3
Let m = 18 - 9. Suppose z - m*z + 3048 = 0. What is the hundreds digit of z?
3
Suppose 0 = -5*d - 3*u - 9987, -d + 4*u + 668 = 2647. What is the hundreds digit of 8/32 + d/(-4)?
4
Let v(n) = -3*n**2 - 79*n + 63. Let w be v(-27). What is the tens digit of -5 + 1 - w/(81/(-5175))?
7
Let f(c) = 51*c + 13 + 40*c + 43 + 4. What is the units digit of f(5)?
5
Let s(b) = -3*b + 12*b - 2 + 27*b**2 + 15. What is the units digit of s(-4)?
9
Let h(s) = s + 3. Let x be h(5). Suppose j - 3*l = -60, j + 18*l - 17*l = -60. What is the tens digit of -1473*5/j + (-6)/x?
2
Suppose 489*y - 505494 = 443*y. What is the tens digit of y?
8
Suppose -167 = -2*q + 5*q - 4*x, 0 = 3*q + x + 142. Let f = q - -47. What is the units digit of 12/18*-5*3/f?
5
Suppose 5*b + 19 = o - 3*o, 4*o - 37 = 5*b. Suppose -251 - 355 = -o*r. Suppose -4*z + 6*z - r = 0. What is the tens digit of z?
0
Suppose 3*w + g - 26962 = -g, 4*g = -3*w + 26954. What is the hundreds digit of w?
9
Let h(j) = 4*j - 12. Let z be h(4). Suppose -5*l = z*a - 3 - 12, -2*a = -4*l + 12. Suppose p = -5*i - 0*i + 205, a = 4*i - 8. What is the hundreds digit of p?
1
Let o = 212 + -209. Suppose o*q = 184 + 1565. What is the hundreds digit of q?
5
Let s(g) = 173*g + 579. What is the thousands digit of s(71)?
2
Suppose 3*m + 5*h - 17169 = 0, -327*h + 330*h + 11465 = 2*m. What is the hundreds digit of m?
7
Let w(h) = h**3 - h**2 - h + 7. Let q be w(0). Let j(z) = -1 - 753*z - 4 - 18 + 781*z. What is the tens digit of j(q)?
7
Suppose -109*r = -28*r + 15*r - 38400. What is the units digit of r?
0
Suppose -163 - 18275 = -3*v. Suppose 0 = 7*l - v + 994. What is the tens digit of l?
3
Let h = -2492 + 542. Let d = 3183 + h. What is the hundreds digit of d?
2
Suppose -5*i = 5*q - 4*q - 10183, 40756 = 4*q - 4*i. What is the ten thousands digit of q?
1
Suppose 5*r = 3*v - 12, -6*v + 4*v + 1 = -r. What is the units digit of (22/(-3)*v)/((-50)/(-375))?
5
Suppose -10*w - 2198 = -8. Let p = 1142 - w. What is the hundreds digit of p?
3
Let c = -325 - -549. Let n = 99 + c. What is the hundreds digit of n?
3
Let c be (-